ivided by 479?
443
What is the remainder when 143637 is divided by 689?
325
Calculate the remainder when 104195306 is divided by 2686.
2680
Calculate the remainder when 3311931 is divided by 284.
207
Calculate the remainder when 3621760 is divided by 402407.
97
What is the remainder when 56898 is divided by 465?
168
Calculate the remainder when 31530453 is divided by 1718.
1717
Calculate the remainder when 57531 is divided by 28747.
37
What is the remainder when 12981406 is divided by 2163559?
52
Calculate the remainder when 508763 is divided by 508391.
372
What is the remainder when 127828 is divided by 11609?
129
Calculate the remainder when 100684 is divided by 1309.
1200
What is the remainder when 3569133 is divided by 3082?
177
Calculate the remainder when 113556 is divided by 3195.
1731
What is the remainder when 1193009 is divided by 595414?
2181
What is the remainder when 48175145 is divided by 334?
321
What is the remainder when 651752 is divided by 5354?
3918
Calculate the remainder when 174798 is divided by 43323.
1506
What is the remainder when 1257059 is divided by 118?
5
What is the remainder when 13599747 is divided by 6?
3
What is the remainder when 28481 is divided by 13902?
677
What is the remainder when 1383666 is divided by 172951?
58
Calculate the remainder when 13038891 is divided by 2357.
2324
Calculate the remainder when 140515 is divided by 69677.
1161
Calculate the remainder when 104614916 is divided by 25429.
10
What is the remainder when 777193128 is divided by 574?
572
What is the remainder when 3312058 is divided by 25?
8
Calculate the remainder when 1101258 is divided by 103.
85
What is the remainder when 31869557 is divided by 6373909?
12
Calculate the remainder when 41995782 is divided by 1413.
9
Calculate the remainder when 13462 is divided by 1130.
1032
Calculate the remainder when 15060488 is divided by 516.
512
Calculate the remainder when 8281151 is divided by 99.
98
What is the remainder when 145978 is divided by 106?
16
Calculate the remainder when 53577442 is divided by 1821.
1801
What is the remainder when 44398 is divided by 182?
172
What is the remainder when 9146 is divided by 2618?
1292
Calculate the remainder when 18503 is divided by 6050.
353
What is the remainder when 153242 is divided by 2946?
50
Calculate the remainder when 2921503 is divided by 112.
95
What is the remainder when 19583383 is divided by 222536?
215
What is the remainder when 5527034 is divided by 4079?
4068
What is the remainder when 224285 is divided by 74747?
44
Calculate the remainder when 13763060 is divided by 62.
52
What is the remainder when 5062992 is divided by 2854?
2850
Calculate the remainder when 3578507 is divided by 1192834.
5
Calculate the remainder when 147452915 is divided by 4366.
4363
What is the remainder when 89140 is divided by 3694?
484
Calculate the remainder when 2595843 is divided by 3939.
42
What is the remainder when 1769012 is divided by 88447?
72
Calculate the remainder when 827631 is divided by 827598.
33
Calculate the remainder when 35799417 is divided by 234.
225
Calculate the remainder when 1968976 is divided by 1184.
1168
Calculate the remainder when 709388 is divided by 3635.
563
Calculate the remainder when 23769421 is divided by 2543.
0
What is the remainder when 1900808 is divided by 571?
520
Calculate the remainder when 14668 is divided by 13994.
674
Calculate the remainder when 51969829 is divided by 1676446.
3
What is the remainder when 2537258 is divided by 7208?
42
What is the remainder when 595840 is divided by 532?
0
Calculate the remainder when 13578186 is divided by 3105.
21
What is the remainder when 15561 is divided by 115?
36
Calculate the remainder when 30315 is divided by 29987.
328
Calculate the remainder when 224410 is divided by 161.
137
What is the remainder when 898846 is divided by 633?
619
Calculate the remainder when 46432568 is divided by 4185.
4178
Calculate the remainder when 1360890 is divided by 194404.
62
Calculate the remainder when 363114 is divided by 13574.
10190
Calculate the remainder when 9272976 is divided by 1076.
8
Calculate the remainder when 21116120 is divided by 478.
470
What is the remainder when 4008050 is divided by 2267?
2261
Calculate the remainder when 1514754 is divided by 1052.
926
Calculate the remainder when 120343 is divided by 120173.
170
What is the remainder when 7021812 is divided by 31208?
12
What is the remainder when 4868893 is divided by 85418?
67
What is the remainder when 920575 is divided by 199?
1
What is the remainder when 5027206 is divided by 20688?
22
Calculate the remainder when 85240 is divided by 17022.
130
What is the remainder when 475250 is divided by 1188?
50
What is the remainder when 450929 is divided by 150283?
80
Calculate the remainder when 319579475 is divided by 88.
83
Calculate the remainder when 147551 is divided by 1243.
877
What is the remainder when 2434423 is divided by 56?
47
What is the remainder when 97473586 is divided by 1303?
65
What is the remainder when 17464943 is divided by 100373?
41
Calculate the remainder when 1208284 is divided by 512.
476
Calculate the remainder when 120920 is divided by 906.
422
What is the remainder when 4880290 is divided by 1626759?
13
Calculate the remainder when 44809825 is divided by 1170.
1165
What is the remainder when 56031145 is divided by 56031127?
18
Calculate the remainder when 1943659 is divided by 5169.
115
What is the remainder when 238522 is divided by 653?
177
Calculate the remainder when 273165 is divided by 5153.
56
What is the remainder when 984248 is divided by 70282?
300
What is the remainder when 231508081 is divided by 26?
25
Calculate the remainder when 74832515 is divided by 11.
10
What is the remainder when 12581368 is divided by 3145334?
32
Calculate the remainder when 15744875 is divided by 368.
363
Calculate the remainder when 34228202 is divided by 2728.
2714
Calculate the remainder when 931078 is divided by 177.
58
What is the remainder when 64375762 is divided by 22934?
24
What is the remainder when 699063 is divided by 232004?
3051
What is the remainder when 1298665 is divided by 551?
509
Calculate the remainder when 692845 is divided by 935.
10
Calculate the remainder when 1175124 is divided by 1368.
12
Calculate the remainder when 390422 is divided by 12968.
1382
Calculate the remainder when 65853434 is divided by 6.
2
Calculate the remainder when 1662240383 is divided by 1444.
1443
Calculate the remainder when 55850321 is divided by 503156.
5
What is the remainder when 33688 is divided by 14795?
4098
Calculate the remainder when 24854439 is divided by 52.
51
Calculate the remainder when 8397 is divided by 3879.
639
What is the remainder when 365167 is divided by 365164?
3
Calculate the remainder when 125048099 is divided by 455.
449
Calculate the remainder when 1316738 is divided by 438909.
11
What is the remainder when 21835562 is divided by 119?
14
What is the remainder when 43743604 is divided by 39?
34
What is the remainder when 87717 is divided by 6264?
21
What is the remainder when 6535697 is divided by 866?
861
What is the remainder when 4866111 is divided by 12?
3
What is the remainder when 4943106 is divided by 411925?
6
Calculate the remainder when 129642 is divided by 4632.
4578
What is the remainder when 3856114 is divided by 1051?
1046
What is the remainder when 3657429 is divided by 3?
0
Calculate the remainder when 357285 is divided by 178608.
69
Calculate the remainder when 40121 is divided by 40119.
2
What is the remainder when 2108964 is divided by 44871?
27
What is the remainder when 2456371 is divided by 48?
19
What is the remainder when 79904672 is divided by 17?
14
What is the remainder when 1758445 is divided by 807?
799
What is the remainder when 110219973 is divided by 4421?
22
Calculate the remainder when 328846 is divided by 937.
896
Calculate the remainder when 278619 is divided by 19899.
33
What is the remainder when 1321542 is divided by 660768?
6
Calculate the remainder when 216759 is divided by 5847.
420
Calculate the remainder when 1195860 is divided by 79723.
15
What is the remainder when 428688 is divided by 11586?
6
Calculate the remainder when 3430431 is divided by 4207.
1726
Calculate the 